e -32*t + 318135 - 112855 = 0. Let o be -8 + 7 - 1*4081. Let u = t + o. Is u prime?
True
Let p(d) = 4*d**3 + 4*d**2 - 6*d - 11. Let n(k) be the third derivative of -k**6/120 - k**4/24 + 18*k**2. Let b(j) = -2*n(j) - p(j). Is b(-10) a prime number?
True
Let f(i) = 11*i - 10 + 1192*i**2 + 9 - 7*i. Suppose -3*p + 5 = -p - g, 3*p = g + 6. Is f(p) a composite number?
True
Suppose -23 = 14*c + 5. Is ((-4)/(-16))/(c/(-1108))*10 composite?
True
Let f(z) = 10*z**3 - 39*z**2 - 5*z + 233. Is f(14) a composite number?
True
Let q = 1041025 + -694968. Is q prime?
False
Suppose -116*c + 273*c + 132*c - 13697155 = 0. Is c a prime number?
False
Let u(q) = -4290*q**3 + 43*q + 119. Is u(-4) a composite number?
True
Let x(m) = -2*m - 17. Let g be x(-11). Suppose 8 = s + g. Is (-1)/3 - (-1192)/s composite?
False
Let b = 2706605 + -1638972. Is b composite?
True
Suppose -30*v = -0*v - 526650. Let x be 2/(-7) + 185956/28. Suppose -6*g - x = -v. Is g a prime number?
False
Let l = -4 - -9. Suppose 0 = l*w + 3*c + 11, c = -w + 6*c + 9. Is 1390/(-4)*1*(w - 1) a prime number?
False
Let f = 336 - 333. Suppose 2*q + 3*i - 24311 = -f*q, 3*q - 14589 = -3*i. Is q a composite number?
False
Let l(o) = -o - 2. Let k be l(-4). Let i be ((-43515)/10)/9*k. Let m = -470 - i. Is m prime?
False
Let h(q) = 27*q**2 + 49*q + 1189. Is h(-40) composite?
True
Let y = -6 + 8. Let x(g) = 115*g**2 - 5*g - 5. Let l(f) = f**2 - f - 1. Let r(h) = -6*l(h) + x(h). Is r(y) a composite number?
False
Suppose -3*p = 4*z - 2372486, 88*p - 83*p = z - 593087. Is z a prime number?
False
Suppose 3*y - 3*p = -p - 6, -5*y + 3*p - 9 = 0. Let h(c) = -2*c**2 - c - 2. Let v be h(y). Is (409/v)/((-7)/(-392)*-4) composite?
True
Suppose -2*h - 2*h - n = 11, h = 3*n + 7. Is 9621*(h + (-28)/(-12)) a prime number?
False
Let d(w) = w**3 - 2*w**2 - 3*w + 4. Let l be d(3). Suppose 5*z + 11*n - 10*n = 108367, -4*z + 86700 = l*n. Is z prime?
True
Let b(f) = 5299*f**2 + 68*f - 153. Is b(2) a composite number?
False
Let g(f) = -14*f + 15 + 289*f**2 - 79*f**2 + 0*f. Is g(-4) composite?
True
Let r be (-3)/(-27)*2 + 503200/36. Suppose -2*c = -2*v - 0*c + r, 2*c + 6992 = v. Suppose -24*f = -22*f - v. Is f a prime number?
False
Let x(j) = 2*j**2 + 10*j + 2. Let i be x(-5). Suppose 3*m - 2611 = -4*y, 29*m - 31*m - i*y = -1744. Is m composite?
False
Suppose 8*i + 17485 - 196981 = 0. Suppose 23*b + 4*b = i. Is b a composite number?
True
Is (57/(-171))/((5/218247)/(-5)) prime?
False
Is 22/(-33) + 6/4 - 1014628/(-24) composite?
True
Suppose -8*h = 5*h - 14*h + 130069. Is h a composite number?
False
Suppose -p = 5*f + 7844, -2*p - 3*p = 5*f + 39280. Let j = p + 12936. Is j a prime number?
True
Let o(y) = -2*y**3 + 23*y**2 - 417*y - 251. Is o(-48) a prime number?
True
Suppose 12*w - 2*m = 17*w - 1137099, 2*w - m = 454836. Is w a composite number?
False
Let g = -1825507 - -2710890. Is g a composite number?
False
Let d(i) = 8*i**2 + 56*i + 6. Let t be d(-7). Let h(n) = 21*n**3 + 5*n**2 - 4*n - 1. Is h(t) composite?
False
Suppose -21050 = -p - 4*p. Suppose 20 = 5*n, -3*s - 3*n - 32 = -59. Suppose -5*j - 4170 = -s*q, 7*q + 3*j - p = 2*q. Is q composite?
False
Let w(k) = 873*k**2 + 3*k. Let u be w(-1). Suppose -7*b - 107 = -u. Is b composite?
False
Let y be 2/(6 + 1276/(-213)). Let l = 94 + y. Is l prime?
True
Let w be -5 - ((-12)/2 - 14376). Let v = w + -8468. Is v a prime number?
False
Let c be (-2)/(2 + -1) - -10. Suppose -7*i - 3 = -c*i. Suppose 2*h = 4*h, -2217 = -i*v + h. Is v a composite number?
False
Let r be (9 + -2)*80/56. Let t be 5296/(-10)*r/(-4). Let c = t + -603. Is c composite?
True
Suppose 14*c + 4100 = -6*c. Let n be (-1)/4 - 85/(-4). Let b = n - c. Is b a composite number?
True
Let j(h) be the second derivative of h**5/120 + 23*h**4/24 + 5*h**3/6 + 2*h. Let m(d) be the second derivative of j(d). Is m(0) composite?
False
Let b = -1468 + 833. Let x = 928 + b. Is x a composite number?
False
Let b be 1/(32/(-12) + 3). Suppose -2*y = -b*y + 66547. Is y/78 - (-2)/(-12) a prime number?
True
Let k(i) = -76*i + 379. Let s be k(-20). Let h = s + 1264. Is h a prime number?
True
Let f = -109 - -113. Let j(l) = 38*l**3 - 9*l**2 + 10*l - 11. Is j(f) a composite number?
True
Suppose q + 13*x - 210515 = 10*x, -q = -5*x - 210563. Is q a prime number?
True
Suppose a = d, 6*a - 7*a - 3*d - 16 = 0. Let t(u) = 2*u**3 + 8*u**2 + 13*u - 3. Let o be t(a). Is (o/(-20))/((-1)/(-844)) a prime number?
False
Let t = 201 - 198. Suppose f - 3997 = -i, 472 = f + t*i - 3517. Is f a composite number?
False
Let d = -238 - -199. Is 9310/182 + 6/d composite?
True
Suppose 0 = n - 301 - 422. Suppose -2*s - 5*t - 293 = 0, 5*s - 4*t + 7*t + n = 0. Let y = 355 + s. Is y composite?
False
Let y be (-13685)/(-5) - (0 - 4). Let b = y - 1624. Is b a prime number?
True
Let d(p) = 4534*p + 441. Is d(20) composite?
False
Suppose -h + 18 = 5*d, -6*d = -5*h - d + 30. Suppose 32823 = h*x + x. Is x prime?
False
Suppose 85*z = -84*z + 168*z + 74749. Is z a prime number?
False
Let s(k) = -k**2 - 7*k - 9. Let n = -46 - -42. Let o be s(n). Suppose o*g = 5*g - 3046. Is g a composite number?
False
Let d(i) = i**3 + 10*i**2 - i - 7. Let m be d(-10). Suppose 10*q - 2861 = -m*n + 11*q, 4*q + 2849 = 3*n. Is n composite?
True
Let w be 2 - (4 - 0 - 541). Suppose -b = -2263 - w. Suppose b = 10*m - 4*m. Is m prime?
True
Suppose 4*j - 143816 = 7*m, 0 = 5*j - 11*m + 6*m - 179755. Is j composite?
True
Let a = -336 + 327. Is (66136/(-84))/(2/a) a prime number?
False
Let h(y) = -1447*y**3 + 39*y**2 + 225*y + 6. Is h(-5) prime?
True
Suppose 72*o = 63*o. Is 8501*(-6)/12*(o + -2) prime?
True
Let b = -35 + 25. Let i(d) = -d**2 - 9*d + 15. Let x be i(b). Suppose -13*s = -x*s - 2056. Is s prime?
True
Let n be (21 - 16)*(0 + 9502/5). Let w = n + -3453. Is w a composite number?
True
Suppose -5*p + o + 528637 = 0, 5*p + 5*o = p + 422898. Is p prime?
True
Suppose k - 9 = -3*k - b, -9 = 3*b. Suppose -39 = -k*s + 45. Is (2 + (-3164)/3)/(s/(-42)) composite?
False
Let t(s) = -968*s - 3317. Is t(-187) a composite number?
True
Suppose q - 60793 = -65*i + 67*i, 5*i - 243198 = -4*q. Is q a composite number?
True
Let k be 2/((-4)/(-41 + 1)). Suppose 2*m + 6 = -5*q - 2, 5*m + k = 2*q. Suppose 3*v - 941 - 1822 = q. Is v composite?
True
Suppose 4*y + 2*k - 922082 = 0, 224*y - 225*y = -6*k - 230488. Is y composite?
True
Let p = -221 - -223. Suppose 4*f + p*q = -2*q + 520, 0 = f - 4*q - 145. Is f composite?
True
Suppose -50 - 22 = -3*n. Let b = n - 20. Suppose -5*r + 2007 = b*r. Is r a prime number?
True
Let i be 2/10 - (-1624800)/375. Let h = 8996 - i. Is h a composite number?
False
Let w = 275945 - 126594. Is w a composite number?
False
Suppose 5*n = 5*a - 36 - 14, 17 = -2*n - a. Is (10/8)/(n/(-8028)) composite?
True
Let z be 20/50 + (-7)/(105/(-93834)). Suppose -z - 3399 = -5*l. Is l composite?
False
Suppose -33*p = -38*p + 20. Suppose 4*n - 5*d - 87969 = 0, -p*d = -0*d + 4. Is n prime?
True
Suppose -10*r + 336342 = 28612. Is r composite?
False
Suppose 3*m = 12, m - 2920 = -5*q + 4654. Let b = q + 401. Is b composite?
True
Let j be -2 + 5*(-36)/(-45). Suppose -n = 4*b - 7*b + 6462, -j*n = 2*b - 4300. Is b a prime number?
True
Suppose -2947803 = -5*n - 3*c, -5*n + 2144701 = -3*c - 803066. Is n composite?
True
Let z(u) = -u**3 + 8*u**2 + 8. Let l be z(8). Suppose -3*x + 7 = -l. Suppose 0*s = -x*s + 9205. Is s prime?
False
Suppose -16*z = 10*z - 6300511 - 5604135. Is z a composite number?
False
Suppose 0 = -2*f + b + 3195104, -3*f - 1764*b + 1766*b = -4792653. Is f a composite number?
True
Let p be 1130 - (20/15 - 26/6). Let u = 1674 - p. Is u composite?
False
Suppose -4*d + 5*d = -3*y + 11276, 15079 = 4*y - 5*d. Is y prime?
True
Let t(r) = 4084*r**2 - 26*r - 7. Is t(4) a composite number?
True
Let d(y) = y**2 + y + 2. Let h be d(-2). Let k(i) = i**3 + 28*i**2 - 66*i - 169. Let f be k(-30). Suppose 0 = f*c - h*c - 5453. Is c a composite number?
True
Let g be 3/60*5 - 189/(-12). Is (2 - 1)/((g/(-4))/(-3908)) composite?
False
Suppose b + 4*b - 5*i - 75280 = 0, 3*b - i - 45158 = 0. Suppose 26*g - 186625 + b = 0. Is g a composite number?
False
Suppose -17*b = -32*b + 17985. Let u = -272 - 181. Let k = u + b. Is k a composite number?
True
Let y(b) = -18*b - 155. Suppose -10 = 2*x + 22. Is y(x) composite?
True
Is (-14535